{"id":119,"date":"2024-04-27T10:03:00","date_gmt":"2024-04-27T14:03:00","guid":{"rendered":"https:\/\/www.skipatrol.ca\/chaudiere-appalaches-dev\/?page_id=119"},"modified":"2024-04-27T11:43:31","modified_gmt":"2024-04-27T15:43:31","slug":"https-www-skipatrol-ca-fr-education-training","status":"publish","type":"page","link":"https:\/\/www.skipatrol.ca\/chaudiere-appalaches-dev\/https-www-skipatrol-ca-fr-education-training\/","title":{"rendered":"Recrutement"},"content":{"rendered":"<h3><span style=\"vertical-align: inherit\"><span style=\"vertical-align: inherit\">Pour vous inscrire , envoyer un courriel au <a href=\"https:\/\/www.skipatrol.ca\/chaudiere-appalaches-dev\/conseil-dadministration\/recrutement.zca@skipatrol.ca\">recrutement.zca@skipatrol.ca<\/a><\/span><\/span><\/h3>\n<p>&nbsp;<\/p>\n<div id=\"pg-5059-1\" class=\"panel-grid panel-no-style\">\n<div id=\"pgc-5059-1-0\" class=\"panel-grid-cell\">\n<div id=\"panel-5059-1-0-0\" class=\"so-panel widget widget_sow-headline panel-first-child panel-last-child\" data-index=\"1\">\n<div class=\"so-widget-sow-headline so-widget-sow-headline-default-6a079f7c0fbc-5059\">\n<div class=\"sow-headline-container \">\n<h3 class=\"sow-sub-headline\"><span style=\"vertical-align: inherit\"><span style=\"vertical-align: inherit\">Tout comme le ski nordique, la planche \u00e0 neige, le t\u00e9l\u00e9mark et tout autre sport de glisse qui ont \u00e9volu\u00e9 au fil des ann\u00e9es, la PCS a d\u00e9velopp\u00e9 de nouveaux programmes de s\u00e9curit\u00e9 et de formation en premiers soins. En tant qu&rsquo;autorit\u00e9 l\u00e9gale en formation de patrouilleur et de personnel de premiers soins avanc\u00e9s pour nos stations de ski associ\u00e9s, nous sommes vou\u00e9s au plus haut standard de formation, de certification et de services de premiers soins.<\/span><\/span><\/h3>\n<h3 class=\"widget-title\"><span style=\"vertical-align: inherit\"><span style=\"vertical-align: inherit\">PROGRAMME DE FORMATION<\/span><\/span><\/h3>\n<div class=\"siteorigin-widget-tinymce textwidget\">\n<p><span class=\"s1\"><span style=\"vertical-align: inherit\"><span style=\"vertical-align: inherit\">Les patrouilleurs doivent respecter une norme nationale minimale et r\u00e9ussir les examens concernant toutes les composantes du programme. Les patrouilleurs doivent renouveler leur certification chaque ann\u00e9e pour s&rsquo;assurer qu&rsquo;ils ma\u00eetrisent les m\u00e9thodes, traitements et modes d&rsquo;intervention nouveaux et anciens. Partout au pays, les patrouilleurs doivent se conformer \u00e0 une m\u00eame norme, et ce, qu&rsquo;il s&rsquo;agisse d&rsquo;une petite station de ski dans l&rsquo;Est du pays ou d&rsquo;une station bien connue dans les Rocheuses.<\/span><\/span><\/span><\/p>\n<p class=\"p1\"><span class=\"s1\"><span style=\"vertical-align: inherit\"><span style=\"vertical-align: inherit\">La PCS s&rsquo;engage \u00e0 offrir un programme de haute qualit\u00e9. Son objectif est de faire en sorte que les skieurs et planchistes soient trait\u00e9s efficacement et correctement. Les composantes de ce programme incluent des comp\u00e9tences avanc\u00e9es en mati\u00e8re de secourisme et des proc\u00e9dures sur neige, ainsi qu&rsquo;un module r\u00e9serv\u00e9 aux membres de la PCS qui leur permet de mieux conna\u00eetre l&rsquo;organisation dont ils font partie.<\/span><\/span><\/span><\/p>\n<p class=\"p2\"><a href=\"https:\/\/www.skipatrol.ca\/wp-content\/uploads\/2016\/05\/Description-du-programme.pdf\"><span class=\"s2\"><b><span style=\"vertical-align: inherit\"><span style=\"vertical-align: inherit\">Description du programme<\/span><\/span><\/b><\/span><\/a><\/p>\n<\/div>\n<\/div>\n<\/div>\n<\/div>\n<\/div>\n<\/div>\n<div id=\"pg-5059-2\" class=\"panel-grid panel-no-style\">\n<div id=\"pgc-5059-2-0\" class=\"panel-grid-cell\">\n<div id=\"panel-5059-2-0-0\" class=\"so-panel widget widget_sow-editor panel-first-child panel-last-child\" data-index=\"2\">\n<div class=\"so-widget-sow-editor so-widget-sow-editor-base\">\n<h3 class=\"widget-title\"><span style=\"vertical-align: inherit\"><span style=\"vertical-align: inherit\">ACCR\u00c9DITATION F\u00c9D\u00c9RALE<\/span><\/span><\/h3>\n<div class=\"siteorigin-widget-tinymce textwidget\">\n<p><span class=\"s1\"><span style=\"vertical-align: inherit\"><span style=\"vertical-align: inherit\">La Patrouille canadienne de ski (PCS) est un organisme accr\u00e9dit\u00e9 aupr\u00e8s des autorit\u00e9s f\u00e9d\u00e9rales en vue d&rsquo;offrir une formation en secourisme au Canada.<\/span><\/span><\/span><\/p>\n<p class=\"p2\"><a href=\"https:\/\/www.skipatrol.ca\/wp-content\/uploads\/2016\/05\/Accre%CC%81ditation-Fe%CC%81de%CC%81rale.pdf\"><span class=\"s2\"><b><span style=\"vertical-align: inherit\"><span style=\"vertical-align: inherit\">Accr\u00e9ditation F\u00e9d\u00e9rale<\/span><\/span><\/b><\/span><\/a><\/p>\n<\/div>\n<\/div>\n<\/div>\n<\/div>\n<div id=\"pgc-5059-2-1\" class=\"panel-grid-cell\">\n<div id=\"panel-5059-2-1-0\" class=\"so-panel widget widget_sow-editor panel-first-child panel-last-child\" data-index=\"3\">\n<div class=\"so-widget-sow-editor so-widget-sow-editor-base\">\n<h3 class=\"widget-title\"><span style=\"vertical-align: inherit\"><span style=\"vertical-align: inherit\">PROGRAMME DE PATROUILLEUR<\/span><\/span><\/h3>\n<div class=\"siteorigin-widget-tinymce textwidget\">\n<p><span class=\"s1\"><span style=\"vertical-align: inherit\"><span style=\"vertical-align: inherit\">Notre programme de patrouilleur comporte une formation rigoureuse qui permet aux patrouilleurs d&rsquo;intervenir dans presque toutes les situations qui peuvent surgir sur les sentiers ou les pistes de ski.<\/span><\/span><\/span><\/p>\n<p class=\"p1\"><span class=\"s1\"><span style=\"vertical-align: inherit\"><span style=\"vertical-align: inherit\">Pour devenir patrouilleur, il faut suivre un cours portant sur toute une gamme de comp\u00e9tences en secourisme et sur la RCR. Le programme traite \u00e9galement d&rsquo;autres sujets comme la gestion du lieu d&rsquo;un accident, l&rsquo;\u00e9vacuation d&rsquo;un t\u00e9l\u00e9si\u00e8ge, les op\u00e9rations de sauvetage, les communications et les op\u00e9rations de recherche et de secourisme en cas d&rsquo;avalanche. Ce cours repose sur une approche o\u00f9 chaque candidat est suivi de pr\u00e8s par son entra\u00eeneur. Il comporte aussi des rencontres dans des salles de classe et une partie d&rsquo;auto-apprentissage.<\/span><\/span><\/span><\/p>\n<\/div>\n<\/div>\n<\/div>\n<\/div>\n<\/div>\n<div id=\"pg-5059-3\" class=\"panel-grid panel-no-style\">\n<div id=\"pgc-5059-3-0\" class=\"panel-grid-cell\">\n<div id=\"panel-5059-3-0-0\" class=\"so-panel widget widget_sow-editor panel-first-child panel-last-child\" data-index=\"4\">\n<div class=\"so-widget-sow-editor so-widget-sow-editor-base\">\n<h3 class=\"widget-title\"><span style=\"vertical-align: inherit\"><span style=\"vertical-align: inherit\">ACCR\u00c9DITATION F\u00c9D\u00c9RALE<\/span><\/span><\/h3>\n<div class=\"siteorigin-widget-tinymce textwidget\">\n<p><span class=\"s1\"><span style=\"vertical-align: inherit\"><span style=\"vertical-align: inherit\">La PCS poss\u00e8de son propre manuel de secourisme. Mis \u00e0 jour tous les deux ans, notre manuel de secourisme constitue la base de la formation dispens\u00e9e par la PCS. Le manuel et les proc\u00e9dures dont la PCS est responsable sont r\u00e9vis\u00e9s p\u00e9riodiquement par un comit\u00e9 permanent de professionnels de la sant\u00e9 repr\u00e9sentant les divers secteurs des soins m\u00e9dicaux d&rsquo;urgence, puis avalis\u00e9s par le Comit\u00e9 national de la formation et l&rsquo;\u00c9quipe nationale de gestion. Ce manuel est disponible sur la Base de Donn\u00e9es Nationale (BDN) et sur CD-ROM.<\/span><\/span><\/span><\/p>\n<p class=\"p1\"><span class=\"s1\"><span style=\"vertical-align: inherit\"><span style=\"vertical-align: inherit\">Notre programme de formation de patrouilleur permet aux membres de faire face \u00e0 toutes les situations o\u00f9 nous sommes appel\u00e9s \u00e0 intervenir. Les candidats sont entra\u00een\u00e9s par des patrouilleurs qui ont re\u00e7u une formation d&rsquo;instructeur conforme au Programme de certification d&rsquo;instructeur.<\/span><\/span><\/span><\/p>\n<p class=\"p2\"><a href=\"https:\/\/www.skipatrol.ca\/wp-content\/uploads\/2016\/05\/Certification-dinstructeur-Jan-2013.pdf\"><span class=\"s2\"><b><span style=\"vertical-align: inherit\"><span style=\"vertical-align: inherit\">Certification d&rsquo;instructeur<\/span><\/span><\/b><\/span><\/a><\/p>\n<p class=\"p2\">\n<\/div>\n<\/div>\n<\/div>\n<\/div>\n<div id=\"pgc-5059-3-1\" class=\"panel-grid-cell\">\n<div id=\"panel-5059-3-1-0\" class=\"so-panel widget widget_sow-editor panel-first-child panel-last-child\" data-index=\"5\">\n<div class=\"so-widget-sow-editor so-widget-sow-editor-base\">\n<div class=\"siteorigin-widget-tinymce textwidget\">\n<p class=\"p2\">\n<\/div>\n<\/div>\n<\/div>\n<\/div>\n<\/div>\n","protected":false},"excerpt":{"rendered":"<p>Pour vous inscrire , envoyer un courriel au recrutement.zca@skipatrol.ca &nbsp; Tout comme le ski nordique, la planche \u00e0 neige, le<\/p>\n","protected":false},"author":2515,"featured_media":120,"parent":0,"menu_order":0,"comment_status":"closed","ping_status":"closed","template":"","meta":{"footnotes":""},"class_list":["post-119","page","type-page","status-publish","has-post-thumbnail","hentry"],"_links":{"self":[{"href":"https:\/\/www.skipatrol.ca\/chaudiere-appalaches-dev\/wp-json\/wp\/v2\/pages\/119","targetHints":{"allow":["GET"]}}],"collection":[{"href":"https:\/\/www.skipatrol.ca\/chaudiere-appalaches-dev\/wp-json\/wp\/v2\/pages"}],"about":[{"href":"https:\/\/www.skipatrol.ca\/chaudiere-appalaches-dev\/wp-json\/wp\/v2\/types\/page"}],"author":[{"embeddable":true,"href":"https:\/\/www.skipatrol.ca\/chaudiere-appalaches-dev\/wp-json\/wp\/v2\/users\/2515"}],"replies":[{"embeddable":true,"href":"https:\/\/www.skipatrol.ca\/chaudiere-appalaches-dev\/wp-json\/wp\/v2\/comments?post=119"}],"version-history":[{"count":3,"href":"https:\/\/www.skipatrol.ca\/chaudiere-appalaches-dev\/wp-json\/wp\/v2\/pages\/119\/revisions"}],"predecessor-version":[{"id":132,"href":"https:\/\/www.skipatrol.ca\/chaudiere-appalaches-dev\/wp-json\/wp\/v2\/pages\/119\/revisions\/132"}],"wp:featuredmedia":[{"embeddable":true,"href":"https:\/\/www.skipatrol.ca\/chaudiere-appalaches-dev\/wp-json\/wp\/v2\/media\/120"}],"wp:attachment":[{"href":"https:\/\/www.skipatrol.ca\/chaudiere-appalaches-dev\/wp-json\/wp\/v2\/media?parent=119"}],"curies":[{"name":"wp","href":"https:\/\/api.w.org\/{rel}","templated":true}]}}