{"id":25,"date":"2021-06-01T13:20:03","date_gmt":"2021-06-01T17:20:03","guid":{"rendered":"https:\/\/www.skipatrol.ca\/quebec-zone\/?page_id=25"},"modified":"2024-01-25T18:41:49","modified_gmt":"2024-01-25T23:41:49","slug":"contacts","status":"publish","type":"page","link":"https:\/\/www.skipatrol.ca\/que-zone-dev\/contacts\/","title":{"rendered":"Besoin d&rsquo;infos"},"content":{"rendered":"<div id=\"5a7abaab-485d-4e09-8a77-b1ac46a14273\" class=\"widget widget-content widget-content-content-10\">\n<div class=\"x-el x-el-div x-el c1-1 c1-2 c1-61 c1-b c1-c c1-d c1-e c1-f c1-g c1-1 c1-2 c1-b c1-c c1-d c1-e c1-f c1-g\" role=\"region\" data-ux=\"Widget\">\n<section class=\"x-el x-el-section c1-1 c1-2 c1-61 c1-i c1-j c1-b c1-c c1-m c1-n c1-d c1-e c1-f c1-g\" data-ux=\"Section\">\n<div class=\"x-el x-el-div c1-1 c1-2 c1-s c1-t c1-u c1-v c1-w c1-b c1-c c1-5h c1-d c1-5i c1-e c1-5j c1-f c1-5k c1-g\" data-ux=\"Container\">\n<div class=\"x-el x-el-div c1-1 c1-2 c1-15 c1-6b c1-6c c1-6d c1-2h c1-6e c1-2i c1-6f c1-17 c1-20 c1-b c1-c c1-6g c1-6h c1-6i c1-6j c1-d c1-e c1-f c1-g\" data-ux=\"Grid\">\n<div class=\"x-el x-el-div c1-1 c1-2 c1-6b c1-6k c1-6l c1-6m c1-w c1-2c c1-6n c1-2e c1-6o c1-6p c1-6q c1-b c1-c c1-6r c1-6s c1-6t c1-6u c1-6v c1-6w c1-d c1-6x c1-6y c1-e c1-f c1-g\" data-ux=\"GridCell\">\n<h4 id=\"609d0f3f-9f61-4535-8350-6a81e45e1233\" class=\"x-el x-el-div x-el c1-1 c1-2 c1-15 c1-56 c1-4 c1-6z c1-70 c1-17 c1-71 c1-6q c1-b c1-c c1-72 c1-73 c1-d c1-e c1-f c1-g c1-1 c1-2 c1-b c1-c c1-d c1-e c1-f c1-g\" data-ux=\"ContentBasic\"><strong><span style=\"vertical-align: inherit\">Devenir patrouilleur:<\/span><\/strong><\/h4>\n<\/div>\n<\/div>\n<\/div>\n<\/section>\n<\/div>\n<div class=\"x-el x-el-div x-el c1-1 c1-2 c1-61 c1-b c1-c c1-d c1-e c1-f c1-g c1-1 c1-2 c1-b c1-c c1-d c1-e c1-f c1-g\" role=\"region\" data-ux=\"Widget\">\n<section class=\"x-el x-el-section c1-1 c1-2 c1-61 c1-i c1-j c1-b c1-c c1-m c1-n c1-d c1-e c1-f c1-g\" data-ux=\"Section\">\n<div class=\"x-el x-el-div c1-1 c1-2 c1-s c1-t c1-u c1-v c1-w c1-b c1-c c1-5h c1-d c1-5i c1-e c1-5j c1-f c1-5k c1-g\" data-ux=\"Container\">\n<div class=\"x-el x-el-div c1-1 c1-2 c1-15 c1-6b c1-6c c1-6d c1-2h c1-6e c1-2i c1-6f c1-17 c1-20 c1-b c1-c c1-6g c1-6h c1-6i c1-6j c1-d c1-e c1-f c1-g\" data-ux=\"Grid\">\n<div class=\"x-el x-el-div c1-1 c1-2 c1-6b c1-6k c1-6l c1-6m c1-w c1-2c c1-6n c1-2e c1-6o c1-6p c1-6q c1-b c1-c c1-6r c1-6s c1-6t c1-6u c1-6v c1-6w c1-d c1-6x c1-6y c1-e c1-f c1-g\" data-ux=\"GridCell\">\n<div class=\"x-el x-el-div c1-1 c1-2 c1-6b c1-6k c1-6l c1-6m c1-w c1-2c c1-6n c1-2e c1-6o c1-6p c1-6q c1-b c1-c c1-6r c1-6s c1-6t c1-6u c1-6v c1-6w c1-d c1-6x c1-6y c1-e c1-f c1-g\" data-ux=\"GridCell\">\n<div class=\"x-el x-el-p c1-1 c1-2 c1-1e c1-1f c1-4q c1-2h c1-2i c1-75 c1-76 c1-77 c1-78 c1-79 c1-7a c1-7b c1-7c c1-7d c1-7e c1-7f c1-7g c1-7h c1-7i c1-7j c1-7k c1-7l c1-7m c1-7n c1-7o c1-7p c1-7q c1-7r c1-7s c1-7t c1-7u c1-7v c1-7w c1-6k c1-b c1-7x c1-c c1-40 c1-d c1-e c1-f c1-g x-rt\" data-ux=\"ContentText\" data-aid=\"CONTENT_DESCRIPTION2_RENDERED\" data-typography=\"BodyAlpha\">\n<p><em><span style=\"vertical-align: inherit\">Responsable du recrutement :\u00a0 Andr\u00e9 Mardini \u00e0 <a href=\"mailto:andre.mardini@skipatrol.ca\">andre.mardini@skipatrol.ca<\/a><\/span><\/em><\/p>\n<p>&nbsp;<\/p>\n<\/div>\n<p>&nbsp;<\/p>\n<\/div>\n<\/div>\n<\/div>\n<\/div>\n<div class=\"x-el x-el-div c1-1 c1-2 c1-s c1-t c1-u c1-v c1-w c1-b c1-c c1-5h c1-d c1-5i c1-e c1-5j c1-f c1-5k c1-g\" data-ux=\"Container\">\n<div class=\"x-el x-el-div c1-1 c1-2 c1-15 c1-6b c1-6c c1-6d c1-2h c1-6e c1-2i c1-6f c1-17 c1-20 c1-b c1-c c1-6g c1-6h c1-6i c1-6j c1-d c1-e c1-f c1-g\" data-ux=\"Grid\">\n<h4 role=\"heading\" data-ux=\"ContentHeading\" data-aid=\"CONTENT_HEADLINE2_RENDERED\" data-typography=\"HeadingDelta\" data-font-scaled=\"true\"><strong><span style=\"vertical-align: inherit\">Formation en soins avanc\u00e9s:<\/span><\/strong><\/h4>\n<div class=\"x-el x-el-div c1-1 c1-2 c1-6b c1-6k c1-6l c1-6m c1-w c1-2c c1-6n c1-2e c1-6o c1-6p c1-6q c1-b c1-c c1-6r c1-6s c1-6t c1-6u c1-6v c1-6w c1-d c1-6x c1-6y c1-e c1-f c1-g\" data-ux=\"GridCell\">\n<div class=\"x-el x-el-p c1-1 c1-2 c1-1e c1-1f c1-4q c1-2h c1-2i c1-75 c1-76 c1-77 c1-78 c1-79 c1-7a c1-7b c1-7c c1-7d c1-7e c1-7f c1-7g c1-7h c1-7i c1-7j c1-7k c1-7l c1-7m c1-7n c1-7o c1-7p c1-7q c1-7r c1-7s c1-7t c1-7u c1-7v c1-7w c1-6k c1-b c1-7x c1-c c1-40 c1-d c1-e c1-f c1-g x-rt\" data-ux=\"ContentText\" data-aid=\"CONTENT_DESCRIPTION2_RENDERED\" data-typography=\"BodyAlpha\">\n<p><em><span style=\"vertical-align: inherit\">Agente de Formation :\u00a0 Martine V\u00e9zina \u00e0 <a href=\"mailto:martine.vezina@skipatrol.ca\" target=\"_blank\" rel=\"noopener\">martine.vezina@skipatrol.ca<\/a><\/span><\/em><\/p>\n<\/div>\n<\/div>\n<p>&nbsp;<\/p>\n<p>&nbsp;<\/p>\n<h4><strong>Inscription en ligne:<\/strong><\/h4>\n<div class=\"x-el x-el-div c1-1 c1-2 c1-6b c1-6k c1-6l c1-6m c1-w c1-2c c1-6n c1-2e c1-6o c1-6p c1-6q c1-b c1-c c1-6r c1-6s c1-6t c1-6u c1-6v c1-6w c1-d c1-6x c1-6y c1-e c1-f c1-g\" data-ux=\"GridCell\">\n<div id=\"c168e842-e0af-458d-9201-a441324ff112\" class=\"x-el x-el-div x-el c1-1 c1-2 c1-15 c1-56 c1-4 c1-6z c1-70 c1-17 c1-71 c1-6q c1-b c1-c c1-72 c1-73 c1-d c1-e c1-f c1-g c1-1 c1-2 c1-b c1-c c1-d c1-e c1-f c1-g\" data-ux=\"ContentBasic\">\n<p><em>Registraire :\u00a0 Alain Janelle \u00e0 <span style=\"vertical-align: inherit\"><a href=\"mailto:alain.janelle@skipatrol.ca\" target=\"_blank\" rel=\"noopener\">alain.janelle@skipatrol.ca<\/a><\/span><\/em><\/p>\n<p>&nbsp;<\/p>\n<div class=\"x-el x-el-p c1-1 c1-2 c1-1e c1-1f c1-4q c1-2h c1-2i c1-75 c1-76 c1-77 c1-78 c1-79 c1-7a c1-7b c1-7c c1-7d c1-7e c1-7f c1-7g c1-7h c1-7i c1-7j c1-7k c1-7l c1-7m c1-7n c1-7o c1-7p c1-7q c1-7r c1-7s c1-7t c1-7u c1-7v c1-7w c1-6k c1-b c1-7x c1-c c1-40 c1-d c1-e c1-f c1-g x-rt\" data-ux=\"ContentText\" data-aid=\"CONTENT_DESCRIPTION4_RENDERED\" data-typography=\"BodyAlpha\">\n<p>&nbsp;<\/p>\n<h4><strong>Autres :<\/strong><\/h4>\n<p><em>Pr\u00e9sident:\u00a0 Luc Lafontaine \u00e0 <a href=\"mailto:luc.lafontaine@skipatrol.ca\" target=\"_blank\" rel=\"noopener\">luc.lafontaine@skipatrol.ca<\/a><\/em><\/p>\n<\/div>\n<\/div>\n<div id=\"0db45935-86d3-45b5-9fe8-fb105bc21e57\" class=\"x-el x-el-div x-el c1-1 c1-2 c1-15 c1-56 c1-4 c1-6z c1-70 c1-17 c1-71 c1-6q c1-b c1-c c1-72 c1-73 c1-d c1-e c1-f c1-g c1-1 c1-2 c1-b c1-c c1-d c1-e c1-f c1-g\" data-ux=\"ContentBasic\">\n<div class=\"x-el x-el-p c1-1 c1-2 c1-1e c1-1f c1-4q c1-2h c1-2i c1-75 c1-76 c1-77 c1-78 c1-79 c1-7a c1-7b c1-7c c1-7d c1-7e c1-7f c1-7g c1-7h c1-7i c1-7j c1-7k c1-7l c1-7m c1-7n c1-7o c1-7p c1-7q c1-7r c1-7s c1-7t c1-7u c1-7v c1-7w c1-6k c1-b c1-7x c1-c c1-40 c1-d c1-e c1-f c1-g x-rt\" data-ux=\"ContentText\" data-aid=\"CONTENT_DESCRIPTION5_RENDERED\" data-typography=\"BodyAlpha\"><\/div>\n<\/div>\n<\/div>\n<\/div>\n<\/div>\n<\/section>\n<\/div>\n<\/div>\n","protected":false},"excerpt":{"rendered":"<p>Devenir patrouilleur: Responsable du recrutement :\u00a0 Andr\u00e9 Mardini \u00e0 andre.mardini@skipatrol.ca &nbsp; &nbsp; Formation en soins avanc\u00e9s: Agente de Formation :\u00a0 Martine V\u00e9zina \u00e0 martine.vezina@skipatrol.ca &nbsp; &nbsp; Inscription en ligne: Registraire :\u00a0 Alain Janelle \u00e0 alain.janelle@skipatrol.ca &nbsp; &nbsp; Autres : Pr\u00e9sident:\u00a0<\/p>\n","protected":false},"author":3206,"featured_media":0,"parent":0,"menu_order":0,"comment_status":"closed","ping_status":"closed","template":"","meta":{"footnotes":""},"class_list":["post-25","page","type-page","status-publish","hentry"],"_links":{"self":[{"href":"https:\/\/www.skipatrol.ca\/que-zone-dev\/wp-json\/wp\/v2\/pages\/25","targetHints":{"allow":["GET"]}}],"collection":[{"href":"https:\/\/www.skipatrol.ca\/que-zone-dev\/wp-json\/wp\/v2\/pages"}],"about":[{"href":"https:\/\/www.skipatrol.ca\/que-zone-dev\/wp-json\/wp\/v2\/types\/page"}],"author":[{"embeddable":true,"href":"https:\/\/www.skipatrol.ca\/que-zone-dev\/wp-json\/wp\/v2\/users\/3206"}],"replies":[{"embeddable":true,"href":"https:\/\/www.skipatrol.ca\/que-zone-dev\/wp-json\/wp\/v2\/comments?post=25"}],"version-history":[{"count":29,"href":"https:\/\/www.skipatrol.ca\/que-zone-dev\/wp-json\/wp\/v2\/pages\/25\/revisions"}],"predecessor-version":[{"id":420,"href":"https:\/\/www.skipatrol.ca\/que-zone-dev\/wp-json\/wp\/v2\/pages\/25\/revisions\/420"}],"wp:attachment":[{"href":"https:\/\/www.skipatrol.ca\/que-zone-dev\/wp-json\/wp\/v2\/media?parent=25"}],"curies":[{"name":"wp","href":"https:\/\/api.w.org\/{rel}","templated":true}]}}