{"id":370,"date":"2023-10-11T12:54:22","date_gmt":"2023-10-11T16:54:22","guid":{"rendered":"https:\/\/www.skipatrol.ca\/que-zone-dev\/?page_id=370"},"modified":"2026-04-30T12:06:36","modified_gmt":"2026-04-30T16:06:36","slug":"formations-2023","status":"publish","type":"page","link":"https:\/\/www.skipatrol.ca\/que-zone-dev\/formations-2023\/","title":{"rendered":"Formations 2026 (en planif)"},"content":{"rendered":"<h2><span style=\"color: #0000ff\">Instructeurs:<\/span><\/h2>\n<p><strong>Certification &amp; recertification <\/strong>(s\u00e9minaire):\u00a0 \u00a0 5 septembre<\/p>\n<p><strong>Actualisation annuelle et requalification <\/strong>(formation)<strong>:\u00a0 \u00a0 <\/strong>12 &amp; 13 septembre<\/p>\n<p>&nbsp;<\/p>\n<h2><span style=\"color: #0000ff\">Patrouilleurs PCS durant les saisons<\/span><span style=\"color: #0000ff\"> 2024-25 &amp; 2025-26:<\/span><\/h2>\n<p><strong>Les Sentiers La Balade,\u00a0 Mont Ste-Anne,\u00a0 Ski Alpin:\u00a0 \u00a0 <\/strong>10 &amp; 11 octobre<\/p>\n<p><strong>Base de plein air La D\u00e9couverte,\u00a0 Duchesnay,\u00a0 Plaines d&rsquo;Abraham:\u00a0 \u00a0 <\/strong>26 &amp; 27 septembre<\/p>\n<p><strong>Camp Mercier,\u00a0 Centre de plein air de Beauport,\u00a0 Les Sentiers du Moulin:\u00a0 \u00a0 <\/strong>24 &amp; 25 octobre<\/p>\n<p>&nbsp;<\/p>\n<h2><span style=\"color: #0000ff\">Recrues:<\/span><\/h2>\n<p><strong>Formation P1-P2:<\/strong>\u00a0 \u00a0 \u00a0 \u00a03 &amp; 4 octobre<\/p>\n<p><strong>Formation P3-P4: <\/strong>\u00a0 \u00a017 &amp; 18 octobre<\/p>\n<p><strong>Formation P5-P6:<\/strong>\u00a0 \u00a0 31 octobre &amp; 1 novembre<\/p>\n<p>&nbsp;<\/p>\n<h2 style=\"text-align: left\"><span style=\"color: #0000ff\">Examen diagnostique pratique: <\/span><\/h2>\n<p style=\"text-align: left\"><span style=\"color: #0000ff\"><span style=\"color: #000000\"><strong>Recrues:\u00a0<\/strong>\u00a0 \u00a08 novembre<\/span><\/span><\/p>\n<p style=\"text-align: left\"><strong>Patrouilleurs:\u00a0<\/strong>\u00a0 \u00a08 novembre (si non r\u00e9alis\u00e9 ant\u00e9rieurement)<\/p>\n<p>&nbsp;<\/p>\n<h2><span style=\"color: #0000ff\">Examens th\u00e9oriques (RCR &amp; Soins Avanc\u00e9s):<\/span><\/h2>\n<p><strong>Recrues:<\/strong>\u00a0 \u00a0 \u00c0 faire\u00a0avant le 16 novembre<\/p>\n<p><strong>Patrouilleurs:\u00a0<\/strong>\u00a0 \u00a0\u00c0 faire avant le 9 novembre<\/p>\n","protected":false},"excerpt":{"rendered":"<p>Instructeurs: Certification &amp; recertification (s\u00e9minaire):\u00a0 \u00a0 5 septembre Actualisation annuelle et requalification (formation):\u00a0 \u00a0 12 &amp; 13 septembre &nbsp; Patrouilleurs PCS durant les saisons 2024-25 &amp; 2025-26: Les Sentiers La Balade,\u00a0 Mont Ste-Anne,\u00a0 Ski Alpin:\u00a0 \u00a0 10 &amp; 11 octobre<\/p>\n","protected":false},"author":9444,"featured_media":0,"parent":0,"menu_order":0,"comment_status":"closed","ping_status":"closed","template":"","meta":{"footnotes":""},"class_list":["post-370","page","type-page","status-publish","hentry"],"_links":{"self":[{"href":"https:\/\/www.skipatrol.ca\/que-zone-dev\/wp-json\/wp\/v2\/pages\/370","targetHints":{"allow":["GET"]}}],"collection":[{"href":"https:\/\/www.skipatrol.ca\/que-zone-dev\/wp-json\/wp\/v2\/pages"}],"about":[{"href":"https:\/\/www.skipatrol.ca\/que-zone-dev\/wp-json\/wp\/v2\/types\/page"}],"author":[{"embeddable":true,"href":"https:\/\/www.skipatrol.ca\/que-zone-dev\/wp-json\/wp\/v2\/users\/9444"}],"replies":[{"embeddable":true,"href":"https:\/\/www.skipatrol.ca\/que-zone-dev\/wp-json\/wp\/v2\/comments?post=370"}],"version-history":[{"count":5,"href":"https:\/\/www.skipatrol.ca\/que-zone-dev\/wp-json\/wp\/v2\/pages\/370\/revisions"}],"predecessor-version":[{"id":755,"href":"https:\/\/www.skipatrol.ca\/que-zone-dev\/wp-json\/wp\/v2\/pages\/370\/revisions\/755"}],"wp:attachment":[{"href":"https:\/\/www.skipatrol.ca\/que-zone-dev\/wp-json\/wp\/v2\/media?parent=370"}],"curies":[{"name":"wp","href":"https:\/\/api.w.org\/{rel}","templated":true}]}}