{"id":1501,"date":"2020-02-02T18:08:13","date_gmt":"2020-02-02T18:08:13","guid":{"rendered":"https:\/\/www.skipatrol.ca\/quebec-division-dev\/?page_id=1501"},"modified":"2025-06-11T02:04:26","modified_gmt":"2025-06-11T02:04:26","slug":"conseil-dadministration-2","status":"publish","type":"page","link":"https:\/\/www.skipatrol.ca\/quebec\/conseil-dadministration-2\/","title":{"rendered":"Conseil d&rsquo;administration"},"content":{"rendered":"<p>&nbsp;<\/p>\n<div style=\"float: left;width: 50%\">\n<div class=\"su-box su-box-style-full\" id=\"\" style=\"border-color:#000000;border-radius:3px;\"><div class=\"su-box-title\" style=\"background-color:#333333;color:#FFFFFF;border-top-left-radius:1px;border-top-right-radius:1px\">Pr\u00e9sident<\/div><div class=\"su-box-content su-u-clearfix su-u-trim\" style=\"border-bottom-left-radius:1px;border-bottom-right-radius:1px\">\n<p><strong><img loading=\"lazy\" decoding=\"async\" class=\"alignnone wp-image-1458 \" src=\"https:\/\/www.skipatrol.ca\/sites\/www.skipatrol.ca\/wp-content\/\/uploads\/sites\/22\/2020\/02\/Cantons_Jean_Cote.jpg\" alt=\"\" width=\"200\" height=\"225\" \/><\/strong><\/p>\n<p>Jean C\u00f4t\u00e9, Pr\u00e9sident<br \/>\nZone des Cantons-de-l&rsquo;Est<br \/>\nCourriel : <a href=\"mailto:jean.cote@skipatrol.ca\">jean.cote@skipatrol.ca<\/a><\/p>\n<\/div><\/div>\n<div class=\"su-box su-box-style-full\" id=\"\" style=\"border-color:#000000;border-radius:3px;\"><div class=\"su-box-title\" style=\"background-color:#333333;color:#FFFFFF;border-top-left-radius:1px;border-top-right-radius:1px\">Secr\u00e9taire,  Technologies, <\/div><div class=\"su-box-content su-u-clearfix su-u-trim\" style=\"border-bottom-left-radius:1px;border-bottom-right-radius:1px\">\n<p><img loading=\"lazy\" decoding=\"async\" class=\"alignnone size-full wp-image-2104\" src=\"https:\/\/cspnational.s3.ca-central-1.amazonaws.com\/wp-content\/uploads\/sites\/22\/2025\/06\/11015608\/Daniel.jpg\" alt=\"\" width=\"200\" height=\"225\" \/><\/p>\n<p>Daniel Desjardins, Administrateur<br \/>\nZone de Gatineau<br \/>\nCourriel : <a href=\"mailto:daniel.desjardins@skipatrol.ca\">daniel.desjardins@skipatrol.ca<\/a><\/p>\n<\/div><\/div>\n<div class=\"su-box su-box-style-full\" id=\"\" style=\"border-color:#000000;border-radius:3px;\"><div class=\"su-box-title\" style=\"background-color:#333333;color:#FFFFFF;border-top-left-radius:1px;border-top-right-radius:1px\">Agent de formation de la division<\/div><div class=\"su-box-content su-u-clearfix su-u-trim\" style=\"border-bottom-left-radius:1px;border-bottom-right-radius:1px\">\n<p><img loading=\"lazy\" decoding=\"async\" class=\"alignnone size-full wp-image-1918\" src=\"https:\/\/www.skipatrol.ca\/sites\/www.skipatrol.ca\/wp-content\/uploads\/sites\/22\/2020\/02\/Division_Formation_France_Duval.jpg\" alt=\"\" width=\"200\" height=\"225\" \/><\/p>\n<p>France Duval, Administratrice<br \/>\nZone des Cantons-de-l&rsquo;Est<\/p>\n<p>Courriel : <a href=\"mailto:france.duval@skipatrol.ca\">france.duval@skipatrol.ca<\/a><\/p>\n<\/div><\/div>\n<div class=\"su-box su-box-style-full\" id=\"\" style=\"border-color:#000000;border-radius:3px;\"><div class=\"su-box-title\" style=\"background-color:#333333;color:#FFFFFF;border-top-left-radius:1px;border-top-right-radius:1px\"> Recrutement<\/div><div class=\"su-box-content su-u-clearfix su-u-trim\" style=\"border-bottom-left-radius:1px;border-bottom-right-radius:1px\">\n<p>&nbsp;<\/p>\n<p><img loading=\"lazy\" decoding=\"async\" class=\"alignnone size-full wp-image-2102\" src=\"https:\/\/cspnational.s3.ca-central-1.amazonaws.com\/wp-content\/uploads\/sites\/22\/2025\/06\/11015607\/Jeremy.jpg\" alt=\"\" width=\"200\" height=\"225\" \/><\/p>\n<p>Jeremy Lalibert\u00e9, Administrateur<br \/>\nZone de Chaudi\u00e8re-Appalaches<br \/>\nCourriel : <a href=\"mailto:jeremy.laliberte@skipatrol.ca\">jeremy.laliberte@skipatrol.ca<\/a><\/p>\n<\/div><\/div>\n<\/div>\n<div style=\"float: left;width: 50%\">\n<div class=\"su-box su-box-style-full\" id=\"\" style=\"border-color:#000000;border-radius:3px;\"><div class=\"su-box-title\" style=\"background-color:#333333;color:#FFFFFF;border-top-left-radius:1px;border-top-right-radius:1px\">Tr\u00e9sori\u00e8re<\/div><div class=\"su-box-content su-u-clearfix su-u-trim\" style=\"border-bottom-left-radius:1px;border-bottom-right-radius:1px\">\n<p><img loading=\"lazy\" decoding=\"async\" class=\"alignnone wp-image-2107\" src=\"https:\/\/cspnational.s3.ca-central-1.amazonaws.com\/wp-content\/uploads\/sites\/22\/2025\/06\/11015720\/Dominique-300x300.jpeg\" alt=\"\" width=\"224\" height=\"224\" srcset=\"https:\/\/cspnational.s3.ca-central-1.amazonaws.com\/wp-content\/uploads\/sites\/22\/2025\/06\/11015720\/Dominique-300x300.jpeg 300w, https:\/\/cspnational.s3.ca-central-1.amazonaws.com\/wp-content\/uploads\/sites\/22\/2025\/06\/11015720\/Dominique-150x150.jpeg 150w, https:\/\/cspnational.s3.ca-central-1.amazonaws.com\/wp-content\/uploads\/sites\/22\/2025\/06\/11015720\/Dominique-768x768.jpeg 768w, https:\/\/cspnational.s3.ca-central-1.amazonaws.com\/wp-content\/uploads\/sites\/22\/2025\/06\/11015720\/Dominique-560x560.jpeg 560w, https:\/\/cspnational.s3.ca-central-1.amazonaws.com\/wp-content\/uploads\/sites\/22\/2025\/06\/11015720\/Dominique.jpeg 1023w\" sizes=\"auto, (max-width: 224px) 100vw, 224px\" \/><\/p>\n<p>Dominique Noreau, Administratrice<br \/>\nZone de Baie-Comeau<br \/>\nCourriel : <a href=\"mailto:dominique.noreau@skipatrol.ca\">dominique.noreau@skipatrol.ca<\/a><\/p>\n<\/div><\/div>\n<div class=\"su-box su-box-style-full\" id=\"\" style=\"border-color:#000000;border-radius:3px;\"><div class=\"su-box-title\" style=\"background-color:#333333;color:#FFFFFF;border-top-left-radius:1px;border-top-right-radius:1px\">Operations<\/div><div class=\"su-box-content su-u-clearfix su-u-trim\" style=\"border-bottom-left-radius:1px;border-bottom-right-radius:1px\">\n<p><img loading=\"lazy\" decoding=\"async\" class=\"alignnone size-full wp-image-2100\" src=\"https:\/\/cspnational.s3.ca-central-1.amazonaws.com\/wp-content\/uploads\/sites\/22\/2025\/06\/11015606\/Karl.jpg\" alt=\"\" width=\"200\" height=\"225\" \/><\/p>\n<p>Karl Saulnier, Administrateur<br \/>\nZone Laurentienne<br \/>\nCourriel : <a href=\"mailto:Karl.saulnier@skipatrol.ca\">Karl.saulnier@skipatrol.ca<\/a><\/p>\n<\/div><\/div>\n<div class=\"su-box su-box-style-full\" id=\"\" style=\"border-color:#000000;border-radius:3px;\"><div class=\"su-box-title\" style=\"background-color:#333333;color:#FFFFFF;border-top-left-radius:1px;border-top-right-radius:1px\">Comit\u00e9 des m\u00e9rites &amp; Assurance<\/div><div class=\"su-box-content su-u-clearfix su-u-trim\" style=\"border-bottom-left-radius:1px;border-bottom-right-radius:1px\">\n<p><img loading=\"lazy\" decoding=\"async\" class=\"alignnone size-full wp-image-1926\" src=\"https:\/\/www.skipatrol.ca\/sites\/www.skipatrol.ca\/wp-content\/uploads\/sites\/22\/2020\/06\/031204612.jpg\" alt=\"\" width=\"200\" height=\"225\" \/><\/p>\n<p>Vanessa Duchesne, Administratrice<br \/>\nZone de Saguenay-Lac St-Jean<br \/>\nCourriel : <a href=\"mailto:vanessa.duchesne@skipatrol.ca\">vanessa.duchesne@skipatrol.ca<\/a><\/p>\n<\/div><\/div>\n<\/div>\n<p>&nbsp;<\/p>\n<div style=\"float: left;width: 50%\">\n<p>&nbsp;<\/p>\n<\/div>\n<div style=\"clear: both\"><\/div>\n<p>&nbsp;<\/p>\n","protected":false},"excerpt":{"rendered":"<p>&nbsp; &nbsp; &nbsp; &nbsp;<\/p>\n","protected":false},"author":76,"featured_media":0,"parent":0,"menu_order":0,"comment_status":"closed","ping_status":"closed","template":"","meta":{"footnotes":""},"class_list":["post-1501","page","type-page","status-publish","hentry"],"_links":{"self":[{"href":"https:\/\/www.skipatrol.ca\/quebec\/wp-json\/wp\/v2\/pages\/1501","targetHints":{"allow":["GET"]}}],"collection":[{"href":"https:\/\/www.skipatrol.ca\/quebec\/wp-json\/wp\/v2\/pages"}],"about":[{"href":"https:\/\/www.skipatrol.ca\/quebec\/wp-json\/wp\/v2\/types\/page"}],"author":[{"embeddable":true,"href":"https:\/\/www.skipatrol.ca\/quebec\/wp-json\/wp\/v2\/users\/76"}],"replies":[{"embeddable":true,"href":"https:\/\/www.skipatrol.ca\/quebec\/wp-json\/wp\/v2\/comments?post=1501"}],"version-history":[{"count":8,"href":"https:\/\/www.skipatrol.ca\/quebec\/wp-json\/wp\/v2\/pages\/1501\/revisions"}],"predecessor-version":[{"id":2118,"href":"https:\/\/www.skipatrol.ca\/quebec\/wp-json\/wp\/v2\/pages\/1501\/revisions\/2118"}],"wp:attachment":[{"href":"https:\/\/www.skipatrol.ca\/quebec\/wp-json\/wp\/v2\/media?parent=1501"}],"curies":[{"name":"wp","href":"https:\/\/api.w.org\/{rel}","templated":true}]}}